digit of 5677?
6
What is the tens digit of 18823?
2
What is the ten thousands digit of 59088?
5
What is the hundreds digit of 1849?
8
What is the tens digit of 3855?
5
What is the hundreds digit of 166297?
2
What is the thousands digit of 187734?
7
What is the hundreds digit of 10225?
2
What is the units digit of 49648?
8
What is the units digit of 880?
0
What is the hundreds digit of 14227?
2
What is the units digit of 76830?
0
What is the thousands digit of 1725?
1
What is the hundreds digit of 14839?
8
What is the thousands digit of 4827?
4
What is the units digit of 230?
0
What is the thousands digit of 101814?
1
What is the thousands digit of 3762?
3
What is the hundreds digit of 29534?
5
What is the ten thousands digit of 39357?
3
What is the hundreds digit of 302?
3
What is the tens digit of 3729?
2
What is the hundreds digit of 2572?
5
What is the hundreds digit of 2485?
4
What is the hundreds digit of 3119?
1
What is the units digit of 930?
0
What is the units digit of 46285?
5
What is the thousands digit of 26139?
6
What is the units digit of 853?
3
What is the tens digit of 6424?
2
What is the thousands digit of 2774?
2
What is the thousands digit of 2594?
2
What is the hundreds digit of 888?
8
What is the hundreds digit of 1796?
7
What is the ten thousands digit of 14625?
1
What is the units digit of 659?
9
What is the tens digit of 4390?
9
What is the tens digit of 1448?
4
What is the tens digit of 893?
9
What is the units digit of 84496?
6
What is the hundreds digit of 1411?
4
What is the hundreds digit of 182462?
4
What is the tens digit of 1688?
8
What is the tens digit of 7601?
0
What is the thousands digit of 4532?
4
What is the thousands digit of 1889?
1
What is the tens digit of 7136?
3
What is the units digit of 384?
4
What is the thousands digit of 27137?
7
What is the units digit of 66301?
1
What is the hundreds digit of 16159?
1
What is the thousands digit of 39920?
9
What is the units digit of 2181?
1
What is the units digit of 3124?
4
What is the units digit of 1402?
2
What is the hundreds digit of 6149?
1
What is the hundreds digit of 7702?
7
What is the tens digit of 3692?
9
What is the hundreds digit of 1358?
3
What is the ten thousands digit of 11116?
1
What is the tens digit of 7085?
8
What is the tens digit of 96?
9
What is the thousands digit of 27677?
7
What is the thousands digit of 8804?
8
What is the tens digit of 17732?
3
What is the hundreds digit of 17266?
2
What is the units digit of 1020?
0
What is the ten thousands digit of 83771?
8
What is the hundreds digit of 13942?
9
What is the tens digit of 5116?
1
What is the hundreds digit of 3566?
5
What is the units digit of 74331?
1
What is the hundreds digit of 3160?
1
What is the ten thousands digit of 30923?
3
What is the hundreds digit of 179?
1
What is the thousands digit of 3853?
3
What is the thousands digit of 2076?
2
What is the thousands digit of 2716?
2
What is the thousands digit of 1925?
1
What is the thousands digit of 78787?
8
What is the tens digit of 1061?
6
What is the thousands digit of 7650?
7
What is the units digit of 3126?
6
What is the thousands digit of 46559?
6
What is the hundreds digit of 13975?
9
What is the units digit of 710?
0
What is the ten thousands digit of 30116?
3
What is the hundreds digit of 27452?
4
What is the tens digit of 11855?
5
What is the thousands digit of 25882?
5
What is the tens digit of 877?
7
What is the thousands digit of 96459?
6
What is the tens digit of 3244?
4
What is the tens digit of 2892?
9
What is the ten thousands digit of 13529?
1
What is the hundreds digit of 530?
5
What is the thousands digit of 1433?
1
What is the units digit of 6482?
2
What is the ten thousands digit of 36669?
3
What is the ten thousands digit of 95755?
9
What is the hundreds digit of 20555?
5
What is the hundreds digit of 6035?
0
What is the thousands digit of 7329?
7
What is the units digit of 35075?
5
What is the units digit of 1657?
7
What is the thousands digit of 8350?
8
What is the hundreds digit of 124287?
2
What is the units digit of 860?
0
What is the hundreds digit of 5275?
2
What is the hundred thousands digit of 169084?
1
What is the hundreds digit of 10168?
1
What is the tens digit of 88077?
7
What is the tens digit of 664?
6
What is the units digit of 441?
1
What is the tens digit of 3363?
6
What is the units digit of 1?
1
What is the units digit of 512?
2
What is the units digit of 40899?
9
What is the hundreds digit of 1182?
1
What is the hundred thousands digit of 134526?
1
What is the hundreds digit of 142?
1
What is the units digit of 5555?
5
What is the thousands digit of 3201?
3
What is the ten thousands digit of 133250?
3
What is the thousands digit of 2141?
2
What is the hundreds digit of 7090?
0
What is the hundreds digit of 40402?
4
What is the hundreds digit of 10725?
7
What is the tens digit of 14705?
0
What is the units digit of 3201?
1
What is the tens digit of 48808?
0
What is the tens digit of 5751?
5
What is the units digit of 455?
5
What is the tens digit of 1168?
6
What is the hundreds digit of 964?
9
What is the hundreds digit of 373?
3
What is the hundreds digit of 15706?
7
What is the units digit of 39246?
6
What is the tens digit of 7311?
1
What is the ten thousands digit of 73000?
7
What is the hundreds digit of 7144?
1
What is the units digit of 6106?
6
What is the tens digit of 1120?
2
What is the units digit of 114800?
0
What is the units digit of 2483?
3
What is the units digit of 14106?
6
What is the units digit of 1704?
4
What is the units digit of 4810?
0
What is the units digit of 9897?
7
What is the thousands digit of 1159?
1
What is the thousands digit of 69939?
9
What is the units digit of 5235?
5
What is the ten thousands digit of 121016?
2
What is the ten thousands digit of 10105?
1
What is the tens digit of 47299?
9
What is the units digit of 1002?
2
What is the tens digit of 32945?
4
What is the tens digit of 5633?
3
What is the tens digit of 1321?
2
What is the tens digit of 3235?
3
What is the units digit of 6119?
9
What is the tens digit of 1744?
4
What is the tens digit of 48953?
5
What is the thousands digit of 39029?
9
What is the hundreds digit of 806?
8
What is the thousands digit of 16281?
6
What is the tens digit of 1302?
0
What is the hundreds digit of 7358?
3
What is the tens digit of 742?
4
What is the units digit of 2862?
2
What is the thousands digit of 3420?
3
What is the tens digit of 9619?
1
What is the hundreds digit of 469?
4
What is the ten thousands digit of 57770?
5
What is the ten thousands digit of 14094?
1
What is the tens digit of 773?
7
What is the tens digit of 1105?
0
What is the tens digit of 2863?
6
What is the ten thousands digit of 98714?
9
What is the tens digit of 4161?
6
What is the tens digit of 2339?
3
What is the hundred thousands digit of 108790?
1
What is the thousands digit of 17088?
7
What is the hundreds digit of 72284?
2
What is the hundreds digit of 135?
1
What is the units digit of 10595?
5
What is the hundreds digit of 9329?
3
What is the thousands digit of 10212?
0
What is the hundreds digit of 2662?
6
What is the tens digit of 2051?
5
What is the thousands digit of 1931?
1
What is the units digit of 4852?
2
What is the hundreds digit of 15023?
0
What is the units digit of 100?
0
What is the tens digit of 404?
0
What is the units digit of 814?
4
What is the tens digit of 1045?
4
What is the tens digit of 17864?
6
What is the thousands digit of 24306?
4
What is the tens digit of 37320?
2
What is the tens digit of 718?
1
What is the thousands digit of 4619?
4
What is the tens digit of 1970?
7
What is the units digit of 1480?
0
What is the hundred thousands digit of 133323?
1
What is the hundreds digit of 4621?
6
What is the units digit of 1796?
6
What is the thousands digit of 1189?
1
What is the hundreds digit of 94230?
2
What is the tens digit of 31681?
8
What is the thousands digit of 1043?
1
What is the units digit of 3285?
5
What is the ten thousands digit of 65601?
6
What is the units digit of 4554?
4
What is the ten thousands digit of 46681?
4
What is the units digit of 2302?
2
What is the units digit of 57035?
5
What is the tens digit of 13599?
9
What is the tens digit of 16343?
4
What is the hundreds digit o